 437908 a multiple of 332?
True
Is 29039391 a multiple of 57?
True
Does 6 divide 3016692?
True
Is 239718 a multiple of 92?
False
Does 35 divide 9401070?
True
Is 96360 a multiple of 146?
True
Is 204394 a multiple of 7?
False
Does 514 divide 3993589?
False
Does 3 divide 32193?
True
Is 229 a factor of 1082171?
False
Is 5380152 a multiple of 1010?
False
Is 423792 a multiple of 218?
True
Does 34 divide 1098472?
True
Is 44 a factor of 605472?
False
Is 376 a factor of 211976?
False
Does 26 divide 1742?
True
Is 8868150 a multiple of 18?
True
Is 110 a factor of 8879640?
True
Does 12 divide 1691039?
False
Is 2016 a multiple of 6?
True
Is 292 a factor of 97236?
True
Is 2 a factor of 33858?
True
Is 98813 a multiple of 257?
False
Does 155 divide 136878?
False
Is 42849 a multiple of 290?
False
Is 249 a factor of 2870721?
True
Is 58431 a multiple of 27?
False
Does 12 divide 54241?
False
Does 32 divide 494639?
False
Is 75672 a multiple of 72?
True
Is 328126 even?
True
Is 95 a factor of 741698?
False
Does 69 divide 2524572?
True
Is 38 a factor of 45524?
True
Is 6 a factor of 170436?
True
Does 14 divide 866180?
True
Is 509373 a multiple of 60?
False
Is 21616809 a multiple of 101?
False
Is 20 a factor of 347140?
True
Is 5 a factor of 2255260?
True
Is 587550 a multiple of 7?
False
Does 220 divide 1868451?
False
Is 19 a factor of 4064888?
False
Does 90 divide 420480?
True
Does 438 divide 331379?
False
Is 110 a factor of 358160?
True
Does 26 divide 23712?
True
Is 632503 a multiple of 17?
False
Is 58716 a multiple of 58?
False
Is 39 a factor of 260013?
True
Is 14 a factor of 5970?
False
Is 14 a factor of 1524056?
False
Does 4 divide 193698?
False
Does 183 divide 226737?
True
Does 179 divide 4858753?
False
Does 36 divide 138056?
False
Is 1366207 a multiple of 401?
True
Is 3297300 a multiple of 369?
False
Is 73524 a multiple of 33?
True
Does 76 divide 30628?
True
Is 7714440 a multiple of 54?
True
Is 3140496 a multiple of 113?
True
Does 6 divide 298318?
False
Does 9 divide 14544?
True
Is 54 a factor of 36344?
False
Does 905 divide 6969?
False
Is 3 a factor of 3526?
False
Is 2418000 a multiple of 975?
True
Does 316 divide 2624795?
False
Is 15224 a multiple of 88?
True
Is 5082855 a multiple of 15?
True
Is 650998 a multiple of 34?
True
Is 9 a factor of 1961710?
False
Is 8 a factor of 83021?
False
Does 40 divide 3943514?
False
Does 6 divide 183925?
False
Is 160 a factor of 95680?
True
Is 19 a factor of 138054?
True
Does 44 divide 512072?
True
Is 16 a factor of 6192?
True
Is 1404479 a multiple of 14?
False
Is 20930 a multiple of 10?
True
Is 13 a factor of 96018?
True
Is 58007 a multiple of 29?
False
Does 28 divide 148792?
True
Is 6440 a multiple of 184?
True
Is 4778646 a multiple of 83?
False
Does 266 divide 730355?
False
Is 338348 a multiple of 502?
True
Does 28 divide 342906?
False
Is 65 a factor of 683940?
False
Is 1770342 a multiple of 427?
True
Does 19 divide 3009354?
False
Is 395 a factor of 66926?
False
Does 58 divide 6043658?
True
Is 1175508 a multiple of 47?
False
Is 52 a factor of 17707?
False
Is 367 a factor of 161847?
True
Is 5 a factor of 8879?
False
Is 47910 a multiple of 185?
False
Is 570266 a multiple of 5?
False
Does 24 divide 1303896?
True
Is 323106 a multiple of 294?
True
Does 56 divide 134126?
False
Is 750619 a multiple of 375?
False
Is 4510189 a multiple of 37?
True
Is 10243521 a multiple of 177?
True
Is 45 a factor of 148811?
False
Is 32 a factor of 9190622?
False
Is 5504527 a multiple of 371?
True
Is 491584 a multiple of 16?
True
Does 169 divide 422164?
False
Is 452826 a multiple of 3?
True
Does 215 divide 231703?
False
Does 6 divide 2705?
False
Is 1972310 a multiple of 10?
True
Is 11310 a multiple of 195?
True
Is 370125 a multiple of 10?
False
Is 343 a factor of 4715969?
False
Is 428935 a multiple of 65?
True
Is 74 a factor of 3494502?
True
Is 295 a factor of 160185?
True
Is 23 a factor of 10051?
True
Is 1423815 a multiple of 52?
False
Is 132 a factor of 59136?
True
Is 863823 a multiple of 60?
False
Is 66315 a multiple of 18?
False
Is 6654021 a multiple of 87?
True
Is 9 a factor of 1454920?
False
Does 75 divide 702192?
False
Is 194 a factor of 240172?
True
Is 10 a factor of 114115?
False
Is 32595 a multiple of 5?
True
Is 192772 a multiple of 42?
False
Is 466 a factor of 1269049?
False
Is 2509440 a multiple of 160?
True
Is 48 a factor of 3739056?
True
Is 2837 a factor of 5090558?
False
Is 51 a factor of 14833373?
False
Does 13 divide 3937076?
True
Is 14347907 a multiple of 21?
False
Is 61 a factor of 1067439?
True
Is 5 a factor of 198930?
True
Is 11667 a multiple of 18?
False
Is 116 a factor of 47563?
False
Does 122 divide 2363123?
False
Is 409438 a multiple of 41?
False
Is 9 a factor of 616509?
True
Is 894686 a multiple of 13?
True
Is 8 a factor of 79604?
False
Does 303 divide 1003536?
True
Is 8 a factor of 2106736?
True
Is 118864 a multiple of 19?
True
Is 9 a factor of 2216624?
False
Is 572429 a multiple of 13?
True
Is 4270230 a multiple of 51?
True
Is 61 a factor of 46421?
True
Does 607 divide 6352862?
True
Is 9 a factor of 143082?
True
Does 919 divide 1964421?
False
Does 11 divide 3921555?
True
Does 62 divide 913694?
True
Is 78 a factor of 59046?
True
Is 3546190 a multiple of 6?
False
Is 272950 a multiple of 103?
True
Does 205 divide 58328?
False
Is 68507 a multiple of 32?
False
Does 1685 divide 20102050?
True
Is 11331359 a multiple of 13?
True
Does 2 divide 759836?
True
Is 367200 a multiple of 353?
False
Is 610 a factor of 237290?
True
Does 4 divide 34740?
True
Is 25 a factor of 314901?
False
Is 241379 a multiple of 79?
False
Is 4880 a multiple of 80?
True
Does 21 divide 8696507?
False
Is 4693056 a multiple of 12?
True
Is 22 a factor of 5148?
True
Is 284 a factor of 206752?
True
Is 51 a factor of 275872?
False
Is 378 a factor of 344147?
False
Is 14 a factor of 5371114?
True
Is 3412458 a multiple of 63?
True
Is 12 a factor of 60252?
True
Is 45 a factor of 44300?
False
Is 270275 a multiple of 262?
False
Is 108 a factor of 1981575?
False
Is 131 a factor of 678941?
False
Is 1831909 a multiple of 2?
False
Does 26 divide 307918?
True
Does 24 divide 799873?
False
Does 12 divide 684588?
True
Is 344 a factor of 3686304?
True
Does 20 divide 112120?
True
Is 1471983 a multiple of 152?
False
Does 38 divide 592420?
True
Is 144632 a multiple of 149?
False
Does 128 divide 21120?
True
Does 22 divide 194920?
True
Is 69 a factor of 12936?
False
Is 1510 even?
True
Does 53 divide 362308?
True
Is 651336 a multiple of 47?
False
Is 143628 a multiple of 120?
False
Is 2656916 a multiple of 122?
True
Does 119 divide 13464850?
True
Does 12 divide 3287904?
True
Does 69 divide 21048?
False
Is 316414 a multiple of 14?
True
Does 49 divide 8328048?
False
Is 177387 a multiple of 21?
True
Is 129704 a multiple of 4?
True
Is 1243759 a multiple of 541?
True
Does 8 divide 3150829?
False
Is 27 a factor of 123182?
False
Does 473 divide 29213248?
False
Does 155 divide 433?
False
Is 629768 a multiple of 33?
False
Is 240 a factor of 13486284?
False
Does 32 divide 23428?
False
Is 12676320 a multiple of 144?
True
Does 74 divide 986792?
False
Is 12267 a multiple of 9?
True
Is 171 a factor of 837736?
False
Is 641048 a multiple of 227?
True
Is 5683911 a multiple of 75?
False
Does 36 divide 73152?
True
Does 17 divide 9873?
False
Is 3143778 a multiple of 418?
True
Is 15 a factor of 4656?
False
Does 108 divide 166737?
False
Does 86 divide 186171?
False
Does 63 divide 1572228?
True
Does 92 divide 319192?
False
Is 70 a factor of 107137?
False
Is 115 a factor of 45193?
False
Does 320 divide 148800?
True
Is 4 a factor of 191122?
False
Is 32515 a multiple of 172?
False
Is 3577879 a multiple of 162?
False
Is 455841 a multiple of 42?
False
Is 2845165 a multiple of 11?
False
Is 1724 a factor of 5515076?
True
Does 14 divide 168952?
True
Does 18 divide 43470?
True
Is 166038 a multiple of 57?
False
Is 1971824 a multiple of 4?
True
Does 198 divide 175700?
False
Is 333 a factor of 3635244?
False
Does 2640 divide 2970593?
False
Is 151 a factor of 210031?
False
Does 11 divide 620411?
True
Does 1214 divide 15771074?
True
Does 163 divide 3294858?
False
Is 58 a factor of 19662?
True
Is 52 a factor of 157144?
True
Does 133 divide 212800?
True
Is 687468 a multiple of 177?
True
Is 49 a factor of 2761052?
True
Is 